{"id":431,"date":"2022-01-17T13:43:02","date_gmt":"2022-01-17T11:43:02","guid":{"rendered":"https:\/\/www.primariacalan.ro\/?page_id=431"},"modified":"2023-11-14T10:12:57","modified_gmt":"2023-11-14T08:12:57","slug":"politia-locala","status":"publish","type":"page","link":"https:\/\/www.primariacalan.ro\/?page_id=431","title":{"rendered":"POLI\u021aIA LOCAL\u0102"},"content":{"rendered":"\t\t<div data-elementor-type=\"wp-page\" data-elementor-id=\"431\" class=\"elementor elementor-431\">\n\t\t\t\t\t\t<section class=\"elementor-section elementor-top-section elementor-element elementor-element-55cf41c elementor-section-boxed elementor-section-height-default elementor-section-height-default\" data-id=\"55cf41c\" data-element_type=\"section\">\n\t\t\t\t\t\t<div class=\"elementor-container elementor-column-gap-default\">\n\t\t\t\t\t<div class=\"elementor-column elementor-col-100 elementor-top-column elementor-element elementor-element-58e19f3\" data-id=\"58e19f3\" data-element_type=\"column\">\n\t\t\t<div class=\"elementor-widget-wrap elementor-element-populated\">\n\t\t\t\t\t\t<div class=\"elementor-element elementor-element-645967b elementor-widget elementor-widget-heading\" data-id=\"645967b\" data-element_type=\"widget\" data-widget_type=\"heading.default\">\n\t\t\t\t<div class=\"elementor-widget-container\">\n\t\t\t<style>\/*! elementor - v3.21.0 - 26-05-2024 *\/\n.elementor-heading-title{padding:0;margin:0;line-height:1}.elementor-widget-heading .elementor-heading-title[class*=elementor-size-]>a{color:inherit;font-size:inherit;line-height:inherit}.elementor-widget-heading .elementor-heading-title.elementor-size-small{font-size:15px}.elementor-widget-heading .elementor-heading-title.elementor-size-medium{font-size:19px}.elementor-widget-heading .elementor-heading-title.elementor-size-large{font-size:29px}.elementor-widget-heading .elementor-heading-title.elementor-size-xl{font-size:39px}.elementor-widget-heading .elementor-heading-title.elementor-size-xxl{font-size:59px}<\/style><h2 class=\"elementor-heading-title elementor-size-xl\"><a href=\"https:\/\/www.primariacalan.ro\/?p=9924\">Folosirea artificiilor \u015fi petardelor de c\u0103tre minori este strict interzis\u0103.<\/a><\/h2>\t\t<\/div>\n\t\t\t\t<\/div>\n\t\t\t\t\t<\/div>\n\t\t<\/div>\n\t\t\t\t\t<\/div>\n\t\t<\/section>\n\t\t\t\t<section class=\"elementor-section elementor-top-section elementor-element elementor-element-3ca8735 elementor-section-boxed elementor-section-height-default elementor-section-height-default\" data-id=\"3ca8735\" data-element_type=\"section\">\n\t\t\t\t\t\t<div class=\"elementor-container elementor-column-gap-default\">\n\t\t\t\t\t<div class=\"elementor-column elementor-col-50 elementor-top-column elementor-element elementor-element-508b566\" data-id=\"508b566\" data-element_type=\"column\">\n\t\t\t<div class=\"elementor-widget-wrap elementor-element-populated\">\n\t\t\t\t\t\t<div class=\"elementor-element elementor-element-3f7928a elementor-widget elementor-widget-image\" data-id=\"3f7928a\" data-element_type=\"widget\" data-widget_type=\"image.default\">\n\t\t\t\t<div class=\"elementor-widget-container\">\n\t\t\t<style>\/*! elementor - v3.21.0 - 26-05-2024 *\/\n.elementor-widget-image{text-align:center}.elementor-widget-image a{display:inline-block}.elementor-widget-image a img[src$=\".svg\"]{width:48px}.elementor-widget-image img{vertical-align:middle;display:inline-block}<\/style>\t\t\t\t\t\t\t\t\t\t<img fetchpriority=\"high\" decoding=\"async\" width=\"513\" height=\"363\" src=\"https:\/\/www.primariacalan.ro\/wp-content\/uploads\/2022\/01\/401733.webp\" class=\"attachment-large size-large wp-image-1049\" alt=\"\" srcset=\"https:\/\/www.primariacalan.ro\/wp-content\/uploads\/2022\/01\/401733.webp 513w, https:\/\/www.primariacalan.ro\/wp-content\/uploads\/2022\/01\/401733-300x212.webp 300w, https:\/\/www.primariacalan.ro\/wp-content\/uploads\/2022\/01\/401733-100x71.webp 100w, https:\/\/www.primariacalan.ro\/wp-content\/uploads\/2022\/01\/401733-140x99.webp 140w\" sizes=\"(max-width: 513px) 100vw, 513px\" \/>\t\t\t\t\t\t\t\t\t\t\t\t\t<\/div>\n\t\t\t\t<\/div>\n\t\t\t\t\t<\/div>\n\t\t<\/div>\n\t\t\t\t<div class=\"elementor-column elementor-col-50 elementor-top-column elementor-element elementor-element-140bc68\" data-id=\"140bc68\" data-element_type=\"column\">\n\t\t\t<div class=\"elementor-widget-wrap elementor-element-populated\">\n\t\t\t\t\t\t<div class=\"elementor-element elementor-element-3a540d6 elementor-widget elementor-widget-image\" data-id=\"3a540d6\" data-element_type=\"widget\" data-widget_type=\"image.default\">\n\t\t\t\t<div class=\"elementor-widget-container\">\n\t\t\t\t\t\t\t\t\t\t\t\t\t<img decoding=\"async\" width=\"513\" height=\"363\" src=\"https:\/\/www.primariacalan.ro\/wp-content\/uploads\/2022\/01\/afis-autocolant-pol-locala.webp\" class=\"attachment-large size-large wp-image-1050\" alt=\"\" srcset=\"https:\/\/www.primariacalan.ro\/wp-content\/uploads\/2022\/01\/afis-autocolant-pol-locala.webp 513w, https:\/\/www.primariacalan.ro\/wp-content\/uploads\/2022\/01\/afis-autocolant-pol-locala-300x212.webp 300w, https:\/\/www.primariacalan.ro\/wp-content\/uploads\/2022\/01\/afis-autocolant-pol-locala-100x71.webp 100w, https:\/\/www.primariacalan.ro\/wp-content\/uploads\/2022\/01\/afis-autocolant-pol-locala-140x99.webp 140w\" sizes=\"(max-width: 513px) 100vw, 513px\" \/>\t\t\t\t\t\t\t\t\t\t\t\t\t<\/div>\n\t\t\t\t<\/div>\n\t\t\t\t\t<\/div>\n\t\t<\/div>\n\t\t\t\t\t<\/div>\n\t\t<\/section>\n\t\t\t\t<section class=\"elementor-section elementor-top-section elementor-element elementor-element-bddc91d elementor-section-boxed elementor-section-height-default elementor-section-height-default\" data-id=\"bddc91d\" data-element_type=\"section\">\n\t\t\t\t\t\t<div class=\"elementor-container elementor-column-gap-default\">\n\t\t\t\t\t<div class=\"elementor-column elementor-col-100 elementor-top-column elementor-element elementor-element-8a61bf5\" data-id=\"8a61bf5\" data-element_type=\"column\">\n\t\t\t<div class=\"elementor-widget-wrap elementor-element-populated\">\n\t\t\t\t\t\t<div class=\"elementor-element elementor-element-4efd54f elementor-widget elementor-widget-text-editor\" data-id=\"4efd54f\" data-element_type=\"widget\" data-widget_type=\"text-editor.default\">\n\t\t\t\t<div class=\"elementor-widget-container\">\n\t\t\t<style>\/*! elementor - v3.21.0 - 26-05-2024 *\/\n.elementor-widget-text-editor.elementor-drop-cap-view-stacked .elementor-drop-cap{background-color:#69727d;color:#fff}.elementor-widget-text-editor.elementor-drop-cap-view-framed .elementor-drop-cap{color:#69727d;border:3px solid;background-color:transparent}.elementor-widget-text-editor:not(.elementor-drop-cap-view-default) .elementor-drop-cap{margin-top:8px}.elementor-widget-text-editor:not(.elementor-drop-cap-view-default) .elementor-drop-cap-letter{width:1em;height:1em}.elementor-widget-text-editor .elementor-drop-cap{float:left;text-align:center;line-height:1;font-size:50px}.elementor-widget-text-editor .elementor-drop-cap-letter{display:inline-block}<\/style>\t\t\t\t<p class=\"font_8\">Poli\u021bia Local\u0103 C\u0103lan atrage aten\u021bia asupra faptului c\u0103 \u00een ultima perioad\u0103 cet\u0103\u021beni ai C\u0103lanului au c\u0103zut victime celor care prin metoda \u201e ACCIDENTUL\u201d incearc\u0103 ob\u021binerea unor sume de bani. Ac\u0163iunea infrac\u0163ional\u0103 \u00een cazul metodei \u201dAccidentul\u201d const\u0103 \u00een realizarea contactului telefonic cu victima, c\u0103reia i se comunic\u0103 o \u015ftire \u015focant\u0103, \u00een esen\u0163\u0103 const\u00e2nd \u00een aceea c\u0103 un membru al familiei sale a fost implicat \u00eentr-un accident rutier care s-a soldat cu urm\u0103ri grave, iar pentru diminuarea consecin\u0163elor legale \u015fi\/ sau medicale ale evenimentului se solicit\u0103 o sum\u0103 important\u0103 de bani. Trebuie subliniat c\u0103 \u00een majoritatea cazurilor infractorii nu au nicio informa\u0163ie prealabil\u0103 cu privire la victimele lor, acestea fiind contactate absolut \u00eent\u00e2mpl\u0103tor.<\/p><p class=\"font_8\"><span style=\"color: #ff0000;\"><strong>V\u0102 RECOMAND\u0102M:<\/strong><\/span><br \/>1. Nu da\u021bi curs instruc\u0163iunilor primite telefonic de la persoane necunoscute care pretind c\u0103 reprezint\u0103 rudele \u201eimplicate \u00een accidentul rutier\u201d.<br \/>2. Verifica\u021bi dac\u0103 situa\u0163ia de urgen\u0163\u0103 este real\u0103, sun\u00e2nd ruda p\u00e2n\u0103 r\u0103spunde. C\u00e2teva minute \u00een plus nu pun pe nimeni \u00een pericol.<br \/>3. Nu efectua\u021bi niciun transfer bancar.<br \/>4. Nu \u00eenm\u00e2na\u021bi bani unor persoane necunoscute care sunt trimise la u\u0219a dvs.<br \/>5. Suna\u021bi la Poli\u0163ie, pe num\u0103rul de urgen\u0163\u0103 112 sau la unitatea de poli\u0163ie pe raza c\u0103reia locui\u021bi, spune\u021bi despre ce este vorba, interesa\u021bi-v\u0103 de existen\u0163a unui astfel de accident rutier \u015fi procedura legal\u0103 \u00een situa\u0163ii de acest gen.<br \/><br \/><span style=\"color: #ff0000;\">Totodat\u0103 v\u0103 reamintim c\u0103 pute\u021bi sesiza Poli\u021bia Local\u0103 la num\u0103rul de telefon 0734773448 \u2013 \u201dTelefonul Cet\u0103\u021beanului\u201d,<\/span><br \/>&#8211; disponibil 24 de ore din 24, 7 zile din 7, referitor la orice probleme urgente legate de:<br \/>\u2022 tulburarea ordinii \u0219i lini\u0219tii publice;<br \/>\u2022 bloc\u0103ri de trafic rutier \u0219i pietonal,<br \/>\u2022 parc\u0103ri neregulamentare,<br \/>\u2022 \u00eenc\u0103lcarea legalit\u0103\u021bii \u00een domeniul construc\u021biilor, protec\u021biei mediului, gospod\u0103riei comunale etc;<br \/>\u2022 acte de comer\u021b stradal neautorizat;<br \/>\u2022 animale abandonate, precum \u0219i cazuri de maltratare si rele tratamente aplicate acestora etc.<br \/><strong>V\u0103 mul\u021bumim pentru interes \u0219i implicare!<\/strong><\/p>\t\t\t\t\t\t<\/div>\n\t\t\t\t<\/div>\n\t\t\t\t\t<\/div>\n\t\t<\/div>\n\t\t\t\t\t<\/div>\n\t\t<\/section>\n\t\t\t\t<section class=\"elementor-section elementor-top-section elementor-element elementor-element-88aa8da elementor-section-boxed elementor-section-height-default elementor-section-height-default\" data-id=\"88aa8da\" data-element_type=\"section\">\n\t\t\t\t\t\t<div class=\"elementor-container elementor-column-gap-default\">\n\t\t\t\t\t<div class=\"elementor-column elementor-col-100 elementor-top-column elementor-element elementor-element-adc502e\" data-id=\"adc502e\" data-element_type=\"column\">\n\t\t\t<div class=\"elementor-widget-wrap elementor-element-populated\">\n\t\t\t\t\t\t<div class=\"elementor-element elementor-element-f4c66ba elementor-widget elementor-widget-text-editor\" data-id=\"f4c66ba\" data-element_type=\"widget\" data-widget_type=\"text-editor.default\">\n\t\t\t\t<div class=\"elementor-widget-container\">\n\t\t\t\t\t\t\t<p style=\"text-align: center;\"><strong>*****<\/strong><\/p><p class=\"font_8\" style=\"text-align: justified;\"><strong><span style=\"color: #ff0000;\">\u00cen aten\u021bia posesorilor de animale de companie: v\u0103 reamintim principalele \u00eendatoriri pe care la ave\u021bi pentru respectarea normelor de convie\u021buire \u0219i igien\u0103 public\u0103.<\/span><\/strong><br \/>&#8211; Persoanele care de\u021bin animale nu trebuie s\u0103 le abandoneze sau s\u0103 le lase nesupravegheate ori s\u0103 intre \u00een locuri \u00een care accesul acestora este expres interzis.<br \/>&#8211; Posesorii de animale de companie au obliga\u021bia de a cur\u0103\u021ba dejec\u021biile produse de acestea din spa\u021biile publice, din spa\u0163iile adiacente acestora, din holurile \u015fi c\u0103ile de acces ale spa\u0163iilor locative. \u00cen acest scop, \u00eenso\u0163itorii sunt obliga\u0163i s\u0103 aib\u0103 asupra lor echipamentul necesar colect\u0103rii dejec\u0163iilor produse de c\u00e2ini. Dup\u0103 colectare, punga va fi \u00eenchis\u0103 etan\u015f \u015fi va fi depus\u0103 \u00een europubel\u0103 sau container.<br \/><span style=\"color: #ff6600;\">Din 15 martie 2015, proprietarii de animale de companie pot scoate c\u00e2inii la plimbare doar dac\u0103 ace\u0219tia sunt microcipa\u021bi \u00een vederea identific\u0103rii. To\u0163i c\u00e2inii cu st\u0103p\u00e2n trebuiau identifica\u0163i, microcipa\u021bi \u015fi \u00eenregistrati \u00een registrul na\u0163ional de eviden\u0163\u0103, RECS.<\/span><br \/>Potrivit Ordinului pre\u015fedintelui Autorit\u0103\u0163ii Na\u0163ionale Sanitare Veterinare \u015fi pentru Siguran\u0163a Alimentelor nr. 1\/2014 pentru aprobarea &#8220;Normelor privind identificarea \u015fi \u00eenregistrarea c\u00e2inilor cu st\u0103p\u00e2n&#8221;, c\u00e2inii cu st\u0103p\u00e2n vor circula pe teritoriul \u0163\u0103rii numai identifica\u0163i \u015fi \u00eenregistrati \u00een Registrul de eviden\u0163\u0103 a c\u00e2inilor cu st\u0103p\u00e2n (RECS) \u015fi \u00eensotiti de carnete de s\u0103n\u0103tate, care se atest\u0103 efectuarea ac\u0163iunilor sanitar-veterinare, precum \u015fi identificarea \u015fi \u00eenregistrarea \u00een RECS.<br \/><span style=\"color: #ff6600;\">C\u00e2inii vor fi sco\u0219i la plimbare numai cu zgard\u0103 \u0219i les\u0103 sau ham, iar cei de talie mare sau cei din rasele agresive vor purta obligatoriu botni\u021b\u0103, conform normelor O.U. nr. 55\/2002 privind regimul de de\u0163inere al c\u00e2inilor.<\/span><br \/><span style=\"color: #ff6600;\">Proprietarii sau de\u0163in\u0103torii temporari ai c\u00e2inilor de talie mare sau agresivi, trebuie s\u0103 aib\u0103 v\u00e2rsta minim\u0103 de 18 ani.<\/span><br \/><span style=\"color: #ff0000;\"><strong>ATEN\u021aIE! MINORII NU AU DREPTUL DE A PLIMBA C\u00c2INI DE TALIE MARE SAU AGRESIVI!<\/strong><\/span><\/p>\t\t\t\t\t\t<\/div>\n\t\t\t\t<\/div>\n\t\t\t\t\t<\/div>\n\t\t<\/div>\n\t\t\t\t\t<\/div>\n\t\t<\/section>\n\t\t\t\t<section class=\"elementor-section elementor-top-section elementor-element elementor-element-9779fff elementor-section-boxed elementor-section-height-default elementor-section-height-default\" data-id=\"9779fff\" data-element_type=\"section\">\n\t\t\t\t\t\t<div class=\"elementor-container elementor-column-gap-default\">\n\t\t\t\t\t<div class=\"elementor-column elementor-col-100 elementor-top-column elementor-element elementor-element-9e235fa\" data-id=\"9e235fa\" data-element_type=\"column\">\n\t\t\t<div class=\"elementor-widget-wrap elementor-element-populated\">\n\t\t\t\t\t\t<div class=\"elementor-element elementor-element-669d34d elementor-widget elementor-widget-video\" data-id=\"669d34d\" data-element_type=\"widget\" data-settings=\"{&quot;video_type&quot;:&quot;hosted&quot;,&quot;controls&quot;:&quot;yes&quot;}\" data-widget_type=\"video.default\">\n\t\t\t\t<div class=\"elementor-widget-container\">\n\t\t\t<style>\/*! elementor - v3.21.0 - 26-05-2024 *\/\n.elementor-widget-video .elementor-widget-container{overflow:hidden;transform:translateZ(0)}.elementor-widget-video .elementor-wrapper{aspect-ratio:var(--video-aspect-ratio)}.elementor-widget-video .elementor-wrapper iframe,.elementor-widget-video .elementor-wrapper video{height:100%;width:100%;display:flex;border:none;background-color:#000}@supports not (aspect-ratio:1\/1){.elementor-widget-video .elementor-wrapper{position:relative;overflow:hidden;height:0;padding-bottom:calc(100% \/ var(--video-aspect-ratio))}.elementor-widget-video .elementor-wrapper iframe,.elementor-widget-video .elementor-wrapper video{position:absolute;top:0;right:0;bottom:0;left:0}}.elementor-widget-video .elementor-open-inline .elementor-custom-embed-image-overlay{position:absolute;top:0;right:0;bottom:0;left:0;background-size:cover;background-position:50%}.elementor-widget-video .elementor-custom-embed-image-overlay{cursor:pointer;text-align:center}.elementor-widget-video .elementor-custom-embed-image-overlay:hover .elementor-custom-embed-play i{opacity:1}.elementor-widget-video .elementor-custom-embed-image-overlay img{display:block;width:100%;aspect-ratio:var(--video-aspect-ratio);-o-object-fit:cover;object-fit:cover;-o-object-position:center center;object-position:center center}@supports not (aspect-ratio:1\/1){.elementor-widget-video .elementor-custom-embed-image-overlay{position:relative;overflow:hidden;height:0;padding-bottom:calc(100% \/ var(--video-aspect-ratio))}.elementor-widget-video .elementor-custom-embed-image-overlay img{position:absolute;top:0;right:0;bottom:0;left:0}}.elementor-widget-video .e-hosted-video .elementor-video{-o-object-fit:cover;object-fit:cover}.e-con-inner>.elementor-widget-video,.e-con>.elementor-widget-video{width:var(--container-widget-width);--flex-grow:var(--container-widget-flex-grow)}<\/style>\t\t<div class=\"e-hosted-video elementor-wrapper elementor-open-inline\">\n\t\t\t\t\t<video class=\"elementor-video\" src=\"https:\/\/www.primariacalan.ro\/wp-content\/uploads\/2022\/01\/cainii-film-politia-locala.mp4\" controls=\"\" preload=\"metadata\"><\/video>\n\t\t\t\t<\/div>\n\t\t\t\t<\/div>\n\t\t\t\t<\/div>\n\t\t\t\t\t<\/div>\n\t\t<\/div>\n\t\t\t\t\t<\/div>\n\t\t<\/section>\n\t\t\t\t<\/div>\n\t\t","protected":false},"excerpt":{"rendered":"<p>Folosirea artificiilor \u015fi petardelor de c\u0103tre minori este strict interzis\u0103. Poli\u021bia Local\u0103 C\u0103lan atrage aten\u021bia asupra faptului c\u0103 \u00een ultima perioad\u0103 cet\u0103\u021beni ai C\u0103lanului au c\u0103zut victime celor care prin&hellip;<\/p>\n","protected":false},"author":1,"featured_media":0,"parent":0,"menu_order":0,"comment_status":"closed","ping_status":"closed","template":"","meta":{"_acf_changed":false,"footnotes":""},"folder":[],"acf":[],"_links":{"self":[{"href":"https:\/\/www.primariacalan.ro\/index.php?rest_route=\/wp\/v2\/pages\/431"}],"collection":[{"href":"https:\/\/www.primariacalan.ro\/index.php?rest_route=\/wp\/v2\/pages"}],"about":[{"href":"https:\/\/www.primariacalan.ro\/index.php?rest_route=\/wp\/v2\/types\/page"}],"author":[{"embeddable":true,"href":"https:\/\/www.primariacalan.ro\/index.php?rest_route=\/wp\/v2\/users\/1"}],"replies":[{"embeddable":true,"href":"https:\/\/www.primariacalan.ro\/index.php?rest_route=%2Fwp%2Fv2%2Fcomments&post=431"}],"version-history":[{"count":43,"href":"https:\/\/www.primariacalan.ro\/index.php?rest_route=\/wp\/v2\/pages\/431\/revisions"}],"predecessor-version":[{"id":9929,"href":"https:\/\/www.primariacalan.ro\/index.php?rest_route=\/wp\/v2\/pages\/431\/revisions\/9929"}],"wp:attachment":[{"href":"https:\/\/www.primariacalan.ro\/index.php?rest_route=%2Fwp%2Fv2%2Fmedia&parent=431"}],"wp:term":[{"taxonomy":"folder","embeddable":true,"href":"https:\/\/www.primariacalan.ro\/index.php?rest_route=%2Fwp%2Fv2%2Ffolder&post=431"}],"curies":[{"name":"wp","href":"https:\/\/api.w.org\/{rel}","templated":true}]}}