{"id":2149,"date":"2022-02-07T14:30:48","date_gmt":"2022-02-07T12:30:48","guid":{"rendered":"https:\/\/www.primariacalan.ro\/?page_id=2149"},"modified":"2022-02-25T14:42:54","modified_gmt":"2022-02-25T12:42:54","slug":"documente-pentru-situatii-de-urgenta-si-protectie-civila-2","status":"publish","type":"page","link":"https:\/\/www.primariacalan.ro\/?page_id=2149","title":{"rendered":"DOCUMENTE &#8211; SITUA\u021aII de URGEN\u021a\u0102 \u0219i PROTEC\u021aIE CIVIL\u0102"},"content":{"rendered":"\n<h2 class=\"wp-block-heading\" id=\"altele-diverse\"><a href=\"https:\/\/www.primariacalan.ro\/?page_id=1338\">ALTELE<\/a> &#8211; <a href=\"https:\/\/www.primariacalan.ro\/?page_id=1338\">DIVERSE<\/a><\/h2>\n\n\n\n<ul><li><a href=\"https:\/\/www.primariacalan.ro\/wp-content\/uploads\/2022\/02\/Hotararea-22.pdf\">25.02.2022 \u2013 HOT\u0102R\u00c2REA nr.22 a Comitetului Jude\u021bean pentru Situa\u021bii de Urgen\u021b\u0103 privind stabilirea unor m\u0103suri \u00een domeniul s\u0103n\u0103ta\u021bii publice pe perioada st\u0103rii de alert\u0103 pentru prevenirea \u0219i combaterea efectelor pandemiei de COVID-19<\/a><\/li><li><a href=\"https:\/\/www.primariacalan.ro\/wp-content\/uploads\/2022\/02\/hot-19.pdf\">18.02.2022 \u2013 HOT\u0102R\u00c2REA nr.19 a Comitetului Jude\u021bean pentru Situa\u021bii de Urgen\u021b\u0103 privind stabilirea unor m\u0103suri \u00een domeniul s\u0103n\u0103ta\u021bii publice pe perioada st\u0103rii de alert\u0103 pentru prevenirea \u0219i combaterea efectelor pandemiei de COVID-19<\/a><\/li><li><a href=\"https:\/\/www.primariacalan.ro\/wp-content\/uploads\/2022\/02\/Hotararea-16.pdf\">11.02.2022 \u2013 HOT\u0102R\u00c2REA nr.16 a Comitetului Jude\u021bean pentru Situa\u021bii de Urgen\u021b\u0103 privind stabilirea unor m\u0103suri \u00een domeniul s\u0103n\u0103ta\u021bii publice pe perioada st\u0103rii de alert\u0103 pentru prevenirea \u0219i combaterea efectelor pandemiei de COVID-19<\/a><\/li><li><a href=\"https:\/\/www.primariacalan.ro\/wp-content\/uploads\/2022\/02\/Hotararea-14-04.02.2022-Privind-stabilirea-unor-masuri-in-domeniul-sanatatii-publice-pe-perioada-starii-de-alerta-pentru-prevenirea-si-combaterea-efectelor-pandemiei-de-COVID-19.pdf\">04.02.2022 \u2013 HOT\u0102R\u00c2REA nr.14 a Comitetului Jude\u021bean pentru Situa\u021bii de Urgen\u021b\u0103 privind stabilirea unor m\u0103suri \u00een domeniul s\u0103n\u0103ta\u021bii publice pe perioada st\u0103rii de alert\u0103 pentru prevenirea \u0219i combaterea efectelor pandemiei de COVID-19<\/a><\/li><li><a href=\"https:\/\/www.primariacalan.ro\/wp-content\/uploads\/2022\/01\/HOT-NR-11.pdf\">28.01.2022 \u2013 HOT\u0102R\u00c2REA nr.11 a Comitetului Jude\u021bean pentru Situa\u021bii de Urgen\u021b\u0103 privind stabilirea unor m\u0103suri \u00een domeniul s\u0103n\u0103t\u0103\u021bii publice pe perioada st\u0103rii de alert\u0103 pentru prevenirea \u0219i combaterea efectelor pandemiei de COVID19.<\/a>\u00a0<\/li><\/ul>\n\n\n\n<p><\/p>\n","protected":false},"excerpt":{"rendered":"<p>ALTELE &#8211; DIVERSE 25.02.2022 \u2013 HOT\u0102R\u00c2REA nr.22 a Comitetului Jude\u021bean pentru Situa\u021bii de Urgen\u021b\u0103 privind stabilirea unor m\u0103suri \u00een domeniul s\u0103n\u0103ta\u021bii publice pe perioada st\u0103rii de alert\u0103 pentru prevenirea \u0219i&hellip;<\/p>\n","protected":false},"author":1,"featured_media":0,"parent":0,"menu_order":0,"comment_status":"closed","ping_status":"closed","template":"","meta":{"_acf_changed":false,"footnotes":""},"folder":[],"acf":[],"_links":{"self":[{"href":"https:\/\/www.primariacalan.ro\/index.php?rest_route=\/wp\/v2\/pages\/2149"}],"collection":[{"href":"https:\/\/www.primariacalan.ro\/index.php?rest_route=\/wp\/v2\/pages"}],"about":[{"href":"https:\/\/www.primariacalan.ro\/index.php?rest_route=\/wp\/v2\/types\/page"}],"author":[{"embeddable":true,"href":"https:\/\/www.primariacalan.ro\/index.php?rest_route=\/wp\/v2\/users\/1"}],"replies":[{"embeddable":true,"href":"https:\/\/www.primariacalan.ro\/index.php?rest_route=%2Fwp%2Fv2%2Fcomments&post=2149"}],"version-history":[{"count":6,"href":"https:\/\/www.primariacalan.ro\/index.php?rest_route=\/wp\/v2\/pages\/2149\/revisions"}],"predecessor-version":[{"id":4339,"href":"https:\/\/www.primariacalan.ro\/index.php?rest_route=\/wp\/v2\/pages\/2149\/revisions\/4339"}],"wp:attachment":[{"href":"https:\/\/www.primariacalan.ro\/index.php?rest_route=%2Fwp%2Fv2%2Fmedia&parent=2149"}],"wp:term":[{"taxonomy":"folder","embeddable":true,"href":"https:\/\/www.primariacalan.ro\/index.php?rest_route=%2Fwp%2Fv2%2Ffolder&post=2149"}],"curies":[{"name":"wp","href":"https:\/\/api.w.org\/{rel}","templated":true}]}}