{"id":2125,"date":"2022-02-07T13:54:03","date_gmt":"2022-02-07T11:54:03","guid":{"rendered":"https:\/\/www.primariacalan.ro\/?page_id=2125"},"modified":"2022-02-07T14:43:17","modified_gmt":"2022-02-07T12:43:17","slug":"regulamente-privind-procedurile-administrative","status":"publish","type":"page","link":"https:\/\/www.primariacalan.ro\/?page_id=2125","title":{"rendered":"REGULAMENTE privind PROCEDURILE ADMINISTRATIVE"},"content":{"rendered":"\n<ul><li>&#8211; Regulamentul cuprinz\u00e2nd m\u0103surile metodologice, organizatorice, termenele \u015fi circula\u0163ia proiectelor de hot\u0103r\u00e2ri ale autorit\u0103\u0163ii deliberative,<\/li><li>&#8211; Regulamentul cuprinz\u00e2nd m\u0103surile metodologice, organizatorice, termenele \u015fi circula\u0163ia proiectelor de dispozi\u0163ii ale autorit\u0103\u0163ii executive;<\/li><\/ul>\n\n\n\n<p><\/p>\n","protected":false},"excerpt":{"rendered":"<p>&#8211; Regulamentul cuprinz\u00e2nd m\u0103surile metodologice, organizatorice, termenele \u015fi circula\u0163ia proiectelor de hot\u0103r\u00e2ri ale autorit\u0103\u0163ii deliberative, &#8211; Regulamentul cuprinz\u00e2nd m\u0103surile metodologice, organizatorice, termenele \u015fi circula\u0163ia proiectelor de dispozi\u0163ii ale autorit\u0103\u0163ii executive;<\/p>\n","protected":false},"author":1,"featured_media":0,"parent":0,"menu_order":0,"comment_status":"closed","ping_status":"closed","template":"","meta":{"_acf_changed":false,"footnotes":""},"folder":[],"acf":[],"_links":{"self":[{"href":"https:\/\/www.primariacalan.ro\/index.php?rest_route=\/wp\/v2\/pages\/2125"}],"collection":[{"href":"https:\/\/www.primariacalan.ro\/index.php?rest_route=\/wp\/v2\/pages"}],"about":[{"href":"https:\/\/www.primariacalan.ro\/index.php?rest_route=\/wp\/v2\/types\/page"}],"author":[{"embeddable":true,"href":"https:\/\/www.primariacalan.ro\/index.php?rest_route=\/wp\/v2\/users\/1"}],"replies":[{"embeddable":true,"href":"https:\/\/www.primariacalan.ro\/index.php?rest_route=%2Fwp%2Fv2%2Fcomments&post=2125"}],"version-history":[{"count":2,"href":"https:\/\/www.primariacalan.ro\/index.php?rest_route=\/wp\/v2\/pages\/2125\/revisions"}],"predecessor-version":[{"id":2171,"href":"https:\/\/www.primariacalan.ro\/index.php?rest_route=\/wp\/v2\/pages\/2125\/revisions\/2171"}],"wp:attachment":[{"href":"https:\/\/www.primariacalan.ro\/index.php?rest_route=%2Fwp%2Fv2%2Fmedia&parent=2125"}],"wp:term":[{"taxonomy":"folder","embeddable":true,"href":"https:\/\/www.primariacalan.ro\/index.php?rest_route=%2Fwp%2Fv2%2Ffolder&post=2125"}],"curies":[{"name":"wp","href":"https:\/\/api.w.org\/{rel}","templated":true}]}}