{"id":1611,"date":"2022-02-02T10:20:11","date_gmt":"2022-02-02T08:20:11","guid":{"rendered":"https:\/\/www.primariacalan.ro\/?page_id=1611"},"modified":"2022-02-02T13:59:34","modified_gmt":"2022-02-02T11:59:34","slug":"demografie","status":"publish","type":"page","link":"https:\/\/www.primariacalan.ro\/?page_id=1611","title":{"rendered":"DEMOGRAFIE"},"content":{"rendered":"\t\t<div data-elementor-type=\"wp-page\" data-elementor-id=\"1611\" class=\"elementor elementor-1611\">\n\t\t\t\t\t\t<section class=\"elementor-section elementor-top-section elementor-element elementor-element-611053d elementor-section-boxed elementor-section-height-default elementor-section-height-default\" data-id=\"611053d\" data-element_type=\"section\">\n\t\t\t\t\t\t<div class=\"elementor-container elementor-column-gap-default\">\n\t\t\t\t\t<div class=\"elementor-column elementor-col-100 elementor-top-column elementor-element elementor-element-7d2ac40\" data-id=\"7d2ac40\" data-element_type=\"column\">\n\t\t\t<div class=\"elementor-widget-wrap elementor-element-populated\">\n\t\t\t\t\t\t<div class=\"elementor-element elementor-element-4ab27b8 elementor-widget elementor-widget-text-editor\" data-id=\"4ab27b8\" data-element_type=\"widget\" data-widget_type=\"text-editor.default\">\n\t\t\t\t<div class=\"elementor-widget-container\">\n\t\t\t<style>\/*! elementor - v3.21.0 - 26-05-2024 *\/\n.elementor-widget-text-editor.elementor-drop-cap-view-stacked .elementor-drop-cap{background-color:#69727d;color:#fff}.elementor-widget-text-editor.elementor-drop-cap-view-framed .elementor-drop-cap{color:#69727d;border:3px solid;background-color:transparent}.elementor-widget-text-editor:not(.elementor-drop-cap-view-default) .elementor-drop-cap{margin-top:8px}.elementor-widget-text-editor:not(.elementor-drop-cap-view-default) .elementor-drop-cap-letter{width:1em;height:1em}.elementor-widget-text-editor .elementor-drop-cap{float:left;text-align:center;line-height:1;font-size:50px}.elementor-widget-text-editor .elementor-drop-cap-letter{display:inline-block}<\/style>\t\t\t\t<p align=\"justify\">Conform <a href=\"https:\/\/ro.wikipedia.org\/wiki\/Recens%C4%83m%C3%A2ntul_popula%C8%9Biei_din_2011_%28Rom%C3%A2nia%29\">recens\u0103m\u00e2ntului efectuat \u00een 2011<\/a>, popula\u021bia ora\u0219ului C\u0103lan \u00eenregistra 11.279 de persoane, \u00een sc\u0103dere fa\u021b\u0103 de <a href=\"https:\/\/ro.wikipedia.org\/wiki\/Recens%C4%83m%C3%A2ntul_popula%C8%9Biei_din_2002_%28Rom%C3%A2nia%29\">recens\u0103m\u00e2ntul anterior din 2002<\/a>, c\u00e2nd se \u00eenregistraser\u0103 13.030\u00a0locuitori, \u020bn anul 2019 fiind 12.940 persoane, din care 6.334 sunt persoane de sex masculin \u0219i 6.606 sunt persoane de sex feminin. Densitatea popula\u021biei este de 145 loc\/km\u00b2.<br \/><span lang=\"es-ES\">Se constat\u0103 o sc\u0103dere constant\u0103 \u020bn perioada 2011-2019 la nivelul ora\u0219ului C\u0103lan<\/span> <span lang=\"es-ES\">a num\u0103rului de locuitori. Astfel, \u00een anul 2011 popula\u021bia ora\u0219ului se ridic\u0103 la 13.828 de persoane, comparativ cu anul 2019 c\u00e2nd popula\u021bia ora\u0219ului coboar\u0103 la 12.940 persoane. Aceast\u0103 sc\u0103dere a num\u0103rului de locuitori reprezint\u0103 o consecin\u021b\u0103 a emigr\u0103rii popula\u021biei spre zone cu poten\u021bial economic mai ridicat sau \u00een alte \u021b\u0103ri ale Europei, <\/span>odat\u0103 cu \u00eenchiderea unit\u0103\u0163ilor economice, <span lang=\"es-ES\">\u00een vederea asigur\u0103rii unui trai de via\u021b\u0103 mai bun.<\/span><br \/><span lang=\"es-ES\">Aceast\u0103 sc\u0103dere se poate observa \u0219i \u00een structura demografic\u0103 a popula\u021biei ora\u0219ului pe sexe, at\u00e2t la nivelul persoanelor de gen feminin c\u00e2t \u0219i la nivelul persoanelor de gen masculin.<\/span><br \/><span lang=\"es-ES\">\u00cen anul 2011, num\u0103rul persoanelor de gen feminin era de 7.050 de persoane \u0219i num\u0103rul persoanelor de gen masculin 6.775 persoane, \u00een compara\u021bie cu anul 2019 c\u00e2nd num\u0103rul persoanelor de gen feminin a ajuns la 6.606 persoane \u0219i num\u0103rul persoanelor de gen masculin la 6.334 de persoane.<\/span><br \/><span lang=\"es-ES\">Conform datelor analizate, popula\u021bia ora\u0219ului C\u0103lan<\/span> <span lang=\"es-ES\">este una t\u00e2n\u0103r\u0103, cele mai multe persoane ale ora\u0219ului au v\u00e2rstele cuprinse \u00eentre 25-64 ani. Grupa de v\u00e2rst\u0103 care de\u021bine num\u0103rul cel mai mare de persoane este reprezentat\u0103 de grupa 45-49 de ani, care de\u021bine o pondere de 9% din popula\u021bie, respectiv 1.115 persoane.<\/span><br \/><span lang=\"es-ES\">Grupele de v\u00e2rst\u0103 cuprinse \u00eentre 30-34 ani p\u00e2n\u0103 la 50-54 ani reprezint\u0103 40% din popula\u021bia total\u0103. Ponderea cea mai mic\u0103 \u00een cadrul popula\u021biei totale a ora\u0219ului este de\u021binut\u0103 de categoria de v\u00e2rst\u0103 85 ani \u0219i peste, fiind de 1% din popula\u021bie.<\/span><br \/>Majoritatea locuitorilor sunt rom\u00e2ni (85,42%). Principalele minorit\u0103\u021bi sunt cele de maghiari (4,66%) \u0219i romi (1,42%). Pentru 7,61% din popula\u021bie, apartenen\u021ba etnic\u0103 nu este cunoscut\u0103. <br \/>Din punct de vedere confesional, majoritatea locuitorilor sunt ortodoc\u0219i (76,58%), dar exist\u0103 \u0219i minorit\u0103\u021bi de romano-catolici (7,03%), penticostali (4,94%) \u0219i reforma\u021bi (1,11%). Pentru 7,83% din popula\u021bie, nu este cunoscut\u0103 apartenen\u021ba confesional\u0103.<\/p><p align=\"justify\">\u00a0<\/p>\t\t\t\t\t\t<\/div>\n\t\t\t\t<\/div>\n\t\t\t\t\t<\/div>\n\t\t<\/div>\n\t\t\t\t\t<\/div>\n\t\t<\/section>\n\t\t\t\t<\/div>\n\t\t","protected":false},"excerpt":{"rendered":"<p>Conform recens\u0103m\u00e2ntului efectuat \u00een 2011, popula\u021bia ora\u0219ului C\u0103lan \u00eenregistra 11.279 de persoane, \u00een sc\u0103dere fa\u021b\u0103 de recens\u0103m\u00e2ntul anterior din 2002, c\u00e2nd se \u00eenregistraser\u0103 13.030\u00a0locuitori, \u020bn anul 2019 fiind 12.940 persoane,&hellip;<\/p>\n","protected":false},"author":1,"featured_media":0,"parent":0,"menu_order":0,"comment_status":"closed","ping_status":"closed","template":"","meta":{"_acf_changed":false,"footnotes":""},"folder":[],"acf":[],"_links":{"self":[{"href":"https:\/\/www.primariacalan.ro\/index.php?rest_route=\/wp\/v2\/pages\/1611"}],"collection":[{"href":"https:\/\/www.primariacalan.ro\/index.php?rest_route=\/wp\/v2\/pages"}],"about":[{"href":"https:\/\/www.primariacalan.ro\/index.php?rest_route=\/wp\/v2\/types\/page"}],"author":[{"embeddable":true,"href":"https:\/\/www.primariacalan.ro\/index.php?rest_route=\/wp\/v2\/users\/1"}],"replies":[{"embeddable":true,"href":"https:\/\/www.primariacalan.ro\/index.php?rest_route=%2Fwp%2Fv2%2Fcomments&post=1611"}],"version-history":[{"count":4,"href":"https:\/\/www.primariacalan.ro\/index.php?rest_route=\/wp\/v2\/pages\/1611\/revisions"}],"predecessor-version":[{"id":1708,"href":"https:\/\/www.primariacalan.ro\/index.php?rest_route=\/wp\/v2\/pages\/1611\/revisions\/1708"}],"wp:attachment":[{"href":"https:\/\/www.primariacalan.ro\/index.php?rest_route=%2Fwp%2Fv2%2Fmedia&parent=1611"}],"wp:term":[{"taxonomy":"folder","embeddable":true,"href":"https:\/\/www.primariacalan.ro\/index.php?rest_route=%2Fwp%2Fv2%2Ffolder&post=1611"}],"curies":[{"name":"wp","href":"https:\/\/api.w.org\/{rel}","templated":true}]}}